)/((-62)/(-496))?
9
Suppose 22*b = 14*b + 24. Suppose 0 = 4*h - b*a - 180, h + 2*h = 3*a + 138. What is the tens digit of h?
4
Suppose -836 = -4*a + 35496. Suppose -3*b + 5*v = -a, 1950 = b + 4*v - 1106. What is the units digit of (-2)/(-5) + b/110?
8
What is the units digit of ((-1)/((-1)/(-1410)))/((-1020)/1360)?
0
Let c be (-1)/((-1)/(-14)) + (-4 - -5). Let k = c + 26. What is the tens digit of k?
1
Suppose 4*g = 12*g - 4560. What is the tens digit of g?
7
Let l = -13 + 15. Let i be (2/(-6))/(l/(-150)). Suppose -2*k + i = -29. What is the tens digit of k?
2
Suppose -s = 2*n - 2049, 7*s = -4*n + 9*s + 4078. What is the thousands digit of n?
1
Let r(p) = 1 + 6*p + 7*p - 2*p - 4*p. What is the tens digit of r(7)?
5
Let h = 6 - 8. Let b(f) = -f**3 - 7*f**2 - 4*f + 5. Let d be b(-6). What is the units digit of (9 + h)*(-5)/d?
5
Let o(w) = -w**3 + 13*w**2 - 5. Let t be o(13). Let u = t - -48. What is the tens digit of u?
4
Let b = 11 + -85. Let r = -20 - b. What is the units digit of r?
4
Let g(x) = -x**2 + 68*x - 57. What is the hundreds digit of g(51)?
8
Let k(p) be the second derivative of 7*p**5/2 + p**3/6 - p**2/2 - 10*p. What is the units digit of k(1)?
0
Suppose q - g - 2*g - 515 = 0, 3*q = -4*g + 1480. Suppose -4*x + 5*d + 449 = -24, -4*x - 4*d + q = 0. What is the hundreds digit of x?
1
Let g be 4/(-10) + ((-38484)/(-10))/(-9). Let f = -239 - g. What is the units digit of f?
9
Suppose 24*v - 20293 = -349. What is the tens digit of v?
3
Suppose -34*p = -8977 - 41343. What is the units digit of p?
0
Suppose 6 - 34 = -2*r. Suppose r = x - 3*f, -5*f = -2*x - 3*f + 16. Suppose x*g - 5*s = 50, -4*g = 2*s - 3*s - 28. What is the units digit of g?
6
Let j = 1777 + -861. What is the tens digit of j?
1
Let u(a) = a - 22. Let t be u(25). Suppose -3*n = 2*z - 229, 0*z - t*z = -n - 371. What is the units digit of z?
2
Let g be 0/((-3)/(-1))*-1. Suppose r + 2*i - 81 = 0, 3*r - i - 208 = -g*r. Let t = -42 + r. What is the tens digit of t?
2
Let b(c) = 2*c**2 - 2*c - 1. Let d(x) = -x**2 + 3*x + 1. Let i(w) = 2*b(w) + 3*d(w). Let g be i(-5). What is the units digit of g + 2 + 0/4?
3
Let w = 8 - -4. Suppose -i + w = -3. Let b = 33 - i. What is the units digit of b?
8
Let x = -229 - -472. Suppose -203 - x = -2*g. What is the units digit of g?
3
Let k(l) = -82*l + 104. What is the hundreds digit of k(-6)?
5
What is the hundreds digit of (-2)/3*-458*3?
9
Let v(t) = -6*t - 6. Let w be v(-6). Let f = w + -23. What is the units digit of f?
7
Suppose 8 = 2*t + 2*n, 3*n + 60 = 3*t + 2*t. Let f(p) = -p**3 + 11*p**2 - 12*p + 21. What is the tens digit of f(t)?
7
Let h(m) = m**2 + 7*m - 73. What is the units digit of h(10)?
7
Let c(f) = f**2 + f - 7. Let o be c(5). Suppose 18*k = o*k - 165. What is the tens digit of k?
3
Suppose -8*x + 1463 = -1297. What is the hundreds digit of x?
3
Suppose -12*i = -33452 - 1984. What is the hundreds digit of i?
9
Let j be 3 - (2 + 22 + 4). Let u = -14 - j. What is the tens digit of u?
1
Let r(q) = -q + 14. Let z be r(9). Let m(k) = 20*k + 5. What is the tens digit of m(z)?
0
Suppose -2*o = u + 2*o - 28, u = -o + 16. Suppose -x = -2*v + u, -3*x - 12 = -2*x - 4*v. What is the units digit of 4/(-6)*(0 + x)?
8
Suppose 0*d = -4*d + 8. Let h be (-5 - -3)*(-2)/d. Suppose -h*f + 2*m = 3*f - 148, -5*f + 144 = -m. What is the units digit of f?
8
Let f be 2/(-14) + 36/7. Suppose -f + 6 = s. What is the units digit of s?
1
Suppose -5*s + s = -12. Let i be 1/6 + (-10)/(60/(-827)). Suppose d + q = 26, i = 5*d - 2*q + s*q. What is the units digit of d?
8
Suppose 0 = 5*w + 5*m - 820, 4*m = 13*w - 15*w + 338. What is the hundreds digit of w?
1
Let x be -3 - 3/(-3) - -13. Let f(j) = -j + 10. Let t be f(x). What is the units digit of 145/(-15)*3/t?
9
Let p = -822 - -1822. What is the thousands digit of p?
1
Let y be (10 - 5)/(1 - 0). Suppose 0 = -y*p + 3*p - z - 11, 1 = -p + z. What is the units digit of ((-444)/6)/(2 + p)?
7
Suppose 8*n = 278 + 58. Suppose 5*c + 2*i = 706, -3*c - 148 = -4*c + 3*i. Suppose 5*q = -n + c. What is the units digit of q?
0
Suppose -2*t + 2*z = 26, -2*t + 4*z = z + 29. Let c(m) be the first derivative of -m**3/3 - 5*m**2 + 6*m + 2. What is the units digit of c(t)?
6
Let p(v) = 4*v + 18. Let i be 4/10 - 112/(-20). Let x = i + 7. What is the units digit of p(x)?
0
Let m(q) be the second derivative of -q**5/20 - q**4 - 7*q**2/2 - q. Let v be m(-12). What is the tens digit of 26/(-3 - v - 2)?
1
Suppose 92*u = 89*u + 2895. What is the tens digit of u?
6
Suppose 3*n - 30 = 2*q + q, -18 = -5*n - 3*q. Suppose 0 = -2*j + 4*x - 24, -3*x = 2*j - n*x + 28. Let p = -16 - j. What is the units digit of p?
4
Suppose -21 = -4*u + w, -2*u + 6*w - 7*w = -9. What is the hundreds digit of 161 + u + -3 - -4?
1
Suppose 0 = -42*t + 41*t + o + 1570, -4*t + 5*o + 6275 = 0. What is the tens digit of t?
7
Let b be (-9)/1*(2 - (-34)/6). Let o = b + 117. What is the units digit of o?
8
What is the tens digit of 969 - (2/(-15) + (-18)/(-135))?
6
Let h(o) = 46*o + 473. What is the tens digit of h(12)?
2
Suppose -4*h + 2*y + 18 = 0, -4*h + 4*y = -16 - 0. Suppose c - 33 = -5*d, c + h*d - 46 = -c. What is the tens digit of c?
1
Let x(d) be the second derivative of d**4/12 - d**3 + 4*d**2 + 2*d. Let k be x(6). Suppose 12 = 4*g - k. What is the units digit of g?
5
Let r(x) = 5*x**2 + 94*x - 29. What is the hundreds digit of r(-27)?
0
Let c = -1 + 4. Suppose -4*v + c*v = -220. Suppose -z = -5*r - 56, 2*z - 5*r = -3*z + v. What is the units digit of z?
1
Let q = 56 - -113. Let w = 27 + q. Suppose -w = -5*u + 64. What is the tens digit of u?
5
Let u = -5 - -10. Let t be 1*(91 + 4 + 1). Suppose u*h = h + t. What is the tens digit of h?
2
Suppose 0 = 15*f + 15*f - 25980. What is the hundreds digit of f?
8
Suppose -1434 - 170 = -3*c - 4*h, -5*c + h = -2658. What is the tens digit of c?
3
Let s(i) = 2*i**2 + 3*i - 2. Let t be s(-9). Let l = -56 + t. What is the units digit of l?
7
Suppose 0 = 3*k - 5*g + 11, -2*k + 0*g - 14 = -5*g. Suppose -5*p = m + 24, -p = k*m + 2*m. Let c = p - -29. What is the tens digit of c?
2
Let z(m) = 24*m**2 - 7*m + 3. Let r be z(3). Suppose -6*q = -8*q + r. What is the tens digit of q?
9
Let r(y) = 15*y**3 - 15*y**2 - 3*y - 15. What is the units digit of r(7)?
4
Let i be (2 - -1) + -3 - (-663 - -3). Suppose -2*y + i = 8*y. What is the units digit of y?
6
Suppose -10 = -4*q + 5*h, -h + 0 = 2*q + 2. Let g be q - -1 - 1*-2. Suppose 123 = 3*l + 2*t, 4*l - 41 = g*l - 2*t. What is the units digit of l?
1
Suppose n + 0*n = 1. Let g be (20/(-15))/(n/(-3)). Suppose -g*s - 2 + 118 = 0. What is the units digit of s?
9
Let r(o) = 56*o + 19. Let s(f) = f. Let c(u) = -r(u) + 3*s(u). What is the tens digit of c(-3)?
4
Let s(n) = 11*n**2 - n. Let j be s(-1). Suppose -8*f + j*f = 836. What is the hundreds digit of f?
2
Let m = -831 - -1568. What is the units digit of m?
7
What is the thousands digit of (-76275)/(-54) + 3/(-6)?
1
Let f = -25 + -124. Let h = f - -302. What is the units digit of h?
3
Let f = -763 + 1078. Suppose -3*h + 297 = -4*o + 2*o, -3*h - 4*o + f = 0. What is the tens digit of h?
0
Let f(n) = -n - 1. Let d(i) = -7*i - 12. Let w(l) = -d(l) - 2*f(l). Let y be w(7). Suppose 5*r - 28 = y. What is the units digit of r?
1
Suppose 10 - 85 = -p. Suppose -p = -2*a + 75. What is the units digit of a?
5
Let n be 2 + (17 - 2)*8/10. Suppose 0 = -13*z + n*z - 74. What is the tens digit of z?
7
Let j = 162 - 47. Suppose m = -5*u + 63, m - u - j = -m. What is the tens digit of m?
5
Suppose 4*i = -4*j + 1936, 1943 = 4*j - 6*i + 3*i. What is the hundreds digit of j?
4
Let v = -199 - -399. What is the tens digit of v?
0
Suppose -150*u + 3*g - 11 = -145*u, 3*u + g = -15. Let j(b) be the second derivative of b**4/12 - b**3/6 + 9*b**2/2 - b. What is the tens digit of j(u)?
2
Let q = 9 + 5. Suppose 0 = 2*i - 3*i + 5*w + q, -w + 14 = 4*i. Let o(m) = 2*m**2 - 5*m + 9. What is the tens digit of o(i)?
2
Let g = 5490 + -2573. What is the hundreds digit of g?
9
Let q = 4 + 0. Suppose 2*c = -0 + q. Suppose 2*g - 50 = c*h, -5*g - 25 + 118 = 3*h. What is the tens digit of g?
2
Suppose 9010 = 24*a - 14*a. What is the tens digit of a?
0
Let c be ((-64)/12 + 1)*-3. Let b = c - 11. Suppose -4*p + 63 = s - b*s, -5*s - 59 = -4*p. What is the tens digit of p?
1
Let q 